e
Is 69 a factor of 2938?
False
Is 6 a factor of 5542?
False
Does 61 divide 1349?
False
Is 12834 a multiple of 138?
True
Is 297 a multiple of 11?
True
Does 15 divide 2924?
False
Is 456 a multiple of 6?
True
Does 100 divide 200?
True
Is 38 a factor of 76?
True
Is 13080 a multiple of 6?
True
Is 21 a factor of 112?
False
Does 14 divide 6454?
True
Is 815 a multiple of 24?
False
Is 30 a factor of 57666?
False
Does 12 divide 2952?
True
Is 3057 a multiple of 53?
False
Is 581 a multiple of 7?
True
Does 15 divide 894?
False
Is 48 a factor of 48?
True
Is 51 a factor of 1306?
False
Is 359 a multiple of 19?
False
Does 3 divide 30?
True
Does 6 divide 466?
False
Is 79 a factor of 13114?
True
Is 13 a factor of 19144?
False
Is 20867 a multiple of 7?
True
Is 39 a factor of 36532?
False
Is 962 a multiple of 74?
True
Is 3 a factor of 812?
False
Is 5930 a multiple of 10?
True
Is 414 even?
True
Is 10803 even?
False
Is 4469 a multiple of 2?
False
Does 14 divide 78344?
True
Is 18426 a multiple of 328?
False
Does 3 divide 2943?
True
Does 13 divide 2696?
False
Does 64 divide 2016?
False
Is 2660 a multiple of 133?
True
Is 5 a factor of 189?
False
Is 93 a factor of 46314?
True
Is 5 a factor of 20053?
False
Is 7809 a multiple of 30?
False
Is 104 a factor of 5249?
False
Does 41 divide 4090?
False
Does 25 divide 11992?
False
Is 6424 a multiple of 22?
True
Is 4094 a multiple of 7?
False
Is 28 a factor of 4723?
False
Is 24910 a multiple of 106?
True
Is 5835 a multiple of 88?
False
Is 134100 a multiple of 16?
False
Is 132 a factor of 31720?
False
Is 57 a factor of 6726?
True
Is 74 a factor of 21005?
False
Is 59 a factor of 354?
True
Is 8 a factor of 19400?
True
Does 5 divide 173?
False
Does 9 divide 5139?
True
Does 9 divide 282?
False
Is 10 a factor of 26518?
False
Is 526 a multiple of 14?
False
Is 7 a factor of 3672?
False
Is 51 a factor of 109000?
False
Is 3 a factor of 82?
False
Is 143 a factor of 37752?
True
Does 62 divide 1530?
False
Is 100 a factor of 1800?
True
Does 6 divide 186?
True
Is 7 a factor of 6242?
False
Is 9 a factor of 1380?
False
Is 69511 a multiple of 34?
False
Does 51 divide 71257?
False
Does 48 divide 4793?
False
Is 49 a factor of 1738?
False
Is 47 a factor of 94?
True
Does 20 divide 460?
True
Is 29 a factor of 2929?
True
Is 5108 a multiple of 4?
True
Is 218 a multiple of 6?
False
Is 59 a factor of 13039?
True
Is 1414 a multiple of 101?
True
Does 54 divide 20898?
True
Does 15 divide 2648?
False
Is 10143 a multiple of 23?
True
Is 7 a factor of 695?
False
Is 8082 a multiple of 2?
True
Is 2401 a multiple of 22?
False
Is 342 a multiple of 19?
True
Does 41 divide 19516?
True
Is 56 a factor of 791?
False
Is 14900 a multiple of 50?
True
Does 19 divide 931?
True
Is 62 a multiple of 3?
False
Does 245 divide 67620?
True
Does 32 divide 24856?
False
Is 41 a factor of 28454?
True
Is 13905 a multiple of 15?
True
Is 13 a factor of 40197?
False
Does 11 divide 473?
True
Does 15 divide 1980?
True
Is 3 a factor of 282?
True
Is 3203 a multiple of 26?
False
Is 39 a factor of 26169?
True
Is 79584 a multiple of 32?
True
Is 17954 a multiple of 5?
False
Does 5 divide 56890?
True
Does 15 divide 11294?
False
Is 52 a factor of 5928?
True
Is 16914 a multiple of 9?
False
Does 54 divide 6480?
True
Is 3072 a multiple of 64?
True
Is 15441 a multiple of 5?
False
Does 10 divide 14324?
False
Is 14 a factor of 3332?
True
Is 8 a factor of 1984?
True
Is 112 a factor of 7891?
False
Is 37 a factor of 1591?
True
Is 23 a factor of 149?
False
Does 33 divide 1584?
True
Is 55796 a multiple of 13?
True
Is 113 a factor of 205886?
True
Is 12531 a multiple of 124?
False
Does 85 divide 7650?
True
Does 19 divide 272?
False
Does 17 divide 1819?
True
Is 2184 a multiple of 84?
True
Is 39 a factor of 2689?
False
Is 2970 a multiple of 54?
True
Is 7 a factor of 224?
True
Is 19095 a multiple of 19?
True
Is 19 a factor of 8664?
True
Is 1245 a multiple of 15?
True
Does 79 divide 11246?
False
Is 70 a factor of 3711?
False
Does 50 divide 66050?
True
Is 2860 a multiple of 65?
True
Does 18 divide 810?
True
Is 35 a factor of 60?
False
Does 14 divide 503?
False
Is 2863 a multiple of 11?
False
Does 44 divide 660?
True
Is 10852 a multiple of 20?
False
Is 32 a factor of 8928?
True
Does 47 divide 658?
True
Does 28 divide 5748?
False
Is 27 a factor of 1701?
True
Is 6 a factor of 745?
False
Is 3745 a multiple of 35?
True
Is 9 a factor of 747?
True
Does 66 divide 2638?
False
Is 3655 a multiple of 45?
False
Is 25342 a multiple of 101?
False
Is 6719 a multiple of 28?
False
Is 13244 a multiple of 11?
True
Does 11 divide 15521?
True
Is 756 a multiple of 14?
True
Does 20 divide 3182?
False
Is 2 a factor of 4458?
True
Does 32 divide 796?
False
Is 117 a factor of 5129?
False
Is 10 a factor of 535?
False
Is 15 a factor of 258?
False
Is 530 a multiple of 8?
False
Is 7560 a multiple of 36?
True
Does 15 divide 14640?
True
Is 3578 a multiple of 62?
False
Does 45 divide 9094?
False
Is 45 a factor of 2043?
False
Does 13 divide 1133?
False
Is 32998 a multiple of 14?
True
Does 17 divide 42623?
False
Is 7 a factor of 1862?
True
Does 9 divide 5760?
True
Does 10 divide 4827?
False
Is 7053 a multiple of 25?
False
Is 46 a factor of 8208?
False
Is 2486 a multiple of 11?
True
Is 4943 a multiple of 40?
False
Does 6 divide 146?
False
Is 244 a multiple of 19?
False
Is 111 a factor of 26809?
False
Is 7355 a multiple of 25?
False
Does 48 divide 1056?
True
Is 2820 a multiple of 15?
True
Does 15 divide 330?
True
Is 9641 a multiple of 31?
True
Is 24 a factor of 5243?
False
Is 1612 a multiple of 10?
False
Does 5 divide 205?
True
Does 5 divide 20?
True
Is 54048 a multiple of 96?
True
Does 5 divide 125?
True
Does 37 divide 518?
True
Does 9 divide 702?
True
Does 54 divide 2106?
True
Is 2178 a multiple of 3?
True
Is 11681 a multiple of 4?
False
Does 77 divide 74828?
False
Is 6576 a multiple of 8?
True
Does 42 divide 5922?
True
Is 81282 a multiple of 31?
True
Does 24 divide 32472?
True
Is 4329 a multiple of 111?
True
Does 5 divide 335?
True
Is 29118 a multiple of 211?
True
Does 11 divide 1636?
False
Is 2807 a multiple of 7?
True
Is 16 a factor of 14005?
False
Does 9 divide 2070?
True
Is 16 a factor of 3683?
False
Does 6 divide 624?
True
Is 755 a multiple of 19?
False
Is 99 a factor of 622?
False
Does 13 divide 12025?
True
Is 3535 a multiple of 35?
True
Is 5 a factor of 10956?
False
Does 12 divide 996?
True
Is 2 a factor of 15?
False
Is 546 a multiple of 7?
True
Is 47082 a multiple of 42?
True
Is 3100 a multiple of 124?
True
Is 38 a factor of 7980?
True
Does 23 divide 8233?
False
Is 12 a factor of 8880?
True
Does 21 divide 3738?
True
Is 28 a factor of 7056?
True
Is 16 a factor of 1440?
True
Is 5665 a multiple of 11?
True
Does 15 divide 5055?
True
Does 13 divide 605?
False
Does 67 divide 977?
False
Is 54 a factor of 3024?
True
Does 85 divide 3267?
False
Does 7 divide 2415?
True
Is 7 a factor of 1198?
False
Does 5 divide 2870?
True
Is 135 a factor of 62143?
False
Is 71 a factor of 26388?
False
Is 314 a multiple of 9?
False
Is 9 a factor of 2238?
False
Is 81679 a multiple of 285?
False
Is 6 a factor of 541?
False
Is 75 a factor of 47925?
True
Is 12 a factor of 3672?
True
Is 1100 a multiple of 44?
True
Is 1072 a multiple of 16?
True
Is 10523 a multiple of 12?
False
Is 10 a factor of 23?
False
Does 23 divide 1916?
False
Is 4344 a multiple of 8?
True
Is 708 a multiple of 12?
True
Is 15 a factor of 6945?
True
Does 5 divide 145?
True
Is 28846 a multiple of 20?
False
Is 284 a multiple of 10?
False
Is 14 a factor of 444?
False
Is 17 a multiple of 4?
False
Is 7 a factor of 3083?
False
Does 28 divide 252?
True
Does 29 divide 870?
True
Is 48 a factor of 1392?
True
Does 73 divide 64167?
True
Does 385 divide 30015?
False
Is 4 a factor of 139?
False
Is 97 a multiple of 2?
False
Is 17 a factor of 20941?
False
Does 70 divide 3220?
True
Is 13 a factor of 63312?
False
Does 2 divide 231?
False
Does 10 divide 1392?
False
Is 30 a factor of 784?
False
Does 45 divide 1535?
False
Does 29 divide 1160?
True
Is 6 a factor of 1101?
False
Is 531 a multiple of 78?
False
Is 14 a factor of 4284?
True
Is 59 a factor of 1038?
False
Is 361 a multiple of 60?
False
Does 5 divide 475?
True
Is 168 a multiple of 8?
True
Does 21 divide 1365?
True
Is 160 a factor of 12480?
True
Is 168 a multiple of 30?